 of -2 + (0 + 0 - -6) + 1?
5
-2 + -10 + 13 - (-1 + 1)
1
-5 - (0 + (5 + 3 - 5))
-8
What is 0 - 5 - (-4 + 2 + 1)?
-4
(-209 - -211) + -13 + 0 + 2
-9
Evaluate (7 - 9) + -9 - -7.
-4
What is 5 + 3 + 7 + -11?
4
Evaluate -6 + 1 - (14 - 18 - 2).
1
Calculate -2 + (0 - 1) + -3 + 2.
-4
Calculate (-10 - -4) + 12 + -4 + 4.
6
Evaluate 0 + (-3 - -3 - (11 - 8)).
-3
3 - 10 - (4 - 18)
7
What is 9 - 4 - 4 - (1 - 0)?
0
Evaluate -5 + 5 + -1 + 0.
-1
-13 + 12 - (-3 - 0)
2
What is 1 + (1 - (7 - 4))?
-1
9 - (-7 + 8 - -2)
6
1 + 0 - (-5 + -1 + 7)
0
30 + -23 + -3 + -1 + -1
2
Evaluate -2 - (4 + 0 - 4).
-2
Calculate 2 + 4 - 2 - -1.
5
Evaluate -1 + (0 + (2 - 0) - 0).
1
Calculate -4 + 2 + 0 + -1.
-3
What is the value of -6 + 2 + -2 + -1 + 2?
-5
Evaluate 3 + -6 - (-1 + -1).
-1
Calculate 0 + -4 - (-11 - -4) - 2.
1
Calculate -6 - (1 - (1 - 3 - -4)).
-5
Calculate (3 - -4) + 10 + -14.
3
What is the value of -8 + 25 + (12 - 21)?
8
Evaluate (25 - 14) + (1 - 6 - 1).
5
What is the value of -2 - (4 - (4 + 4))?
2
What is 4 - (-3 - (3 - 12 - -1))?
-1
What is (6 - 0) + -3 + (4 - 2)?
5
8 + -4 + -14 + 4
-6
Evaluate (-10 - -2) + 9 + -8 + 9.
2
Calculate 5 - 1 - (-36 - -42).
-2
Evaluate (-2 - 4) + 47 + -52.
-11
Evaluate -4 + 7 + 1 + -6 + 1.
-1
Evaluate (0 - (-1 - -1)) + 2.
2
-5 + -2 - (-12 + 9)
-4
What is 4 + 0 + 3 + -4?
3
Evaluate 0 - (2 - 0) - (4 - 6).
0
Evaluate (7 - -1) + (0 + 2 - 7).
3
Calculate (0 - -11) + (71 - 85).
-3
What is 7 - 9 - 5 - (-3 - 8)?
4
What is the value of -4 + (-5 - (-5 - -6) - -4)?
-6
(-4 - (3 + -5)) + (0 - -2)
0
What is -4 + (-1 - -1 - (7 + -7))?
-4
Calculate (4 - (5 - 2 - -1)) + -4.
-4
4 - ((-8 - -21) + -1 + -5)
-3
What is the value of -2 - -4 - -9 - 8?
3
What is -4 + 5 + -3 + 0?
-2
Evaluate (-59 - -55) + (1 - -4) + 1.
2
(-3 - -8) + (6 + -9 - -2)
4
Calculate (3 - 4) + (-1 - -7).
5
Calculate -3 - 0 - (-16 - -22).
-9
Calculate -4 - (-7 - (-3 - 2)).
-2
Evaluate 9 + 0 + (44 - 47).
6
5 - (5 - (5 + -12))
-7
What is the value of 5 - (12 + -1 - 2 - 1)?
-3
0 - (-4 - (-2 + 1 + 0))
3
What is -2 + 0 + 4 - -1?
3
What is (0 - 2) + 10 - (-12 - -16)?
4
Evaluate -7 - -3 - -12 - 3.
5
What is -4 - (-9 - -3 - (1 - -2))?
5
Calculate (1 - -5) + (-7 - 5 - -2).
-4
What is 2 + 8 + -7 + 2?
5
What is the value of -2 - (-6 + 5) - -5?
4
Evaluate (-7 - (4 - 7)) + 2.
-2
What is the value of 14 + -1 + 12 + -22?
3
What is the value of -2 - -5 - 10 - -6?
-1
Evaluate -4 + (-1 - -3) + -2.
-4
What is -159 + 159 - (1 + 0)?
-1
What is -1 + -4 + -2 + -3 - -5?
-5
What is 1 - (-3 + (-5 - -9))?
0
What is the value of -2 - 1 - (-10 - (0 + -13))?
-6
Calculate (1 - 1 - 5) + 4 + -4.
-5
What is 6 - (-5 + 3 + -5 - -13)?
0
What is the value of (1 - (-2 - (0 + 4))) + -9?
-2
Evaluate 9 - (0 - (0 + -5)).
4
Evaluate 3 + 0 - (-8 - -15).
-4
What is the value of 2 - (-4 + 5) - 1?
0
Calculate -3 + 2 - (1 + -6) - 0.
4
9 + (5 - 9) + -1
4
Evaluate (-55 + 50 - (-7 + 1)) + 2.
3
Calculate 5 + (-4 - 4) + 3 + 4.
4
What is (-5 - (-1 - 2)) + 1 + -2?
-3
Calculate -2 + 12 + -5 + (-3 - -1).
3
Calculate -32 + 33 - (-1 - -1 - -3).
-2
What is the value of 5 + (5 + -7 - 5)?
-2
What is the value of (-1 - 3) + 8 + 0?
4
Evaluate 1 + 1 + (73 - 83).
-8
-1 - -9 - (-120 - -128)
0
-3 - -2 - (-8 - -9)
-2
(8 - -1) + -11 + 4
2
Evaluate (5 - (5 + 6)) + 2.
-4
What is the value of -1 + 6 + 2 + -7 + -2?
-2
What is the value of 1 + -2 - (-7 - -3)?
3
Calculate 9 + 6 + -9 - (0 + -4).
10
2 + 1 - (-1 + 0 + 5)
-1
Evaluate 5 - (1 + 5) - 3.
-4
Evaluate 2 - 0 - (1 + 1).
0
What is (3 + -1 + -5 - -1) + 3?
1
What is 57 + -45 + (-5 - -1)?
8
Evaluate -19 + 13 - (-4 - -1).
-3
What is 2 - -6 - (-6 - -15)?
-1
(7 + -2 - -2) + -11 + -3
-7
What is -2 + 2 + 5 + -74 + 67?
-2
What is the value of 4 - (5 + -6) - 2?
3
Evaluate 3 - -5 - (-3 - -1 - -7).
3
What is the value of -6 - (-1 + -6 + (2 - 3))?
2
What is the value of -1 + (3 - (2 + 4))?
-4
-12 - -15 - (-4 + 3)
4
What is the value of 4 + -3 + 3 + -6?
-2
2 + (-3 - (-4 + 1))
2
Calculate 5 - 2 - (11 + -7).
-1
Evaluate 1 - 4 - (-4 + 7 + -7).
1
What is 1 + (3 - 4) + 2?
2
What is -6 - (-1 + (6 - 8) + 0)?
-3
What is (4 + 5 - 6) + 0?
3
(-5 - (-4 + -6)) + 0
5
What is 4 + 0 - (7 + (-7 - -3))?
1
Calculate -3 + 7 + (-4 - -2).
2
What is 1 + 12 - ((-1 - 3) + 10)?
7
What is (2 - -3) + (-8 - -5)?
2
Calculate 0 + -1 + -3 + -2 + 2.
-4
What is the value of -5 + 0 + -1 + 12 + -8?
-2
What is the value of -6 + (1 - -9) - (8 + 1)?
-5
What is the value of 24 + 2 + -12 + -7?
7
Evaluate -1 - -4 - (12 + -10).
1
Calculate 3 + (2 - 5) + -2 + 2.
0
What is the value of (-5 + 4 - (-3 - -5)) + -4?
-7
Calculate (0 - -16) + -6 - 5.
5
What is (-2 - -6) + (-2 - 6)?
-4
Calculate 7 - (6 + -11 + 15).
-3
Calculate (2 - (-8 - -7)) + -1 + 0.
2
0 - -4 - 0 - 1
3
Evaluate 4 - 1 - 6 - -1.
-2
Evaluate -3 + 0 + 0 + (2 - 2).
-3
20 + -25 - (-12 + 2 + -1)
6
What is 7 + (-3 + 2 - 5)?
1
(13 - 8) + -3 + (2 - 1)
3
Evaluate -3 + (-5 - -5 - -5) + 3.
5
Calculate 6 + 0 + -5 + -1 - 1.
-1
Evaluate -7 + 5 + (-10 - -6).
-6
What is the value of -2 + 4 - 5 - -8?
5
What is the value of 5 - (2 + -1 + -13 + 16)?
1
What is -4 + 2 + 10 + -4?
4
Calculate (7 - 9) + (0 - 1).
-3
What is -7 - (-5 + -1 - (-21 + 28))?
6
Calculate 1 + (2 - (-3 - (1 - 4))).
3
Evaluate 6 + -13 - (-14 + 0).
7
Evaluate (2 - 3) + 3 - 2.
0
Calculate 3 + -2 + 3 + -4.
0
What is the value of (1 - 5) + -3 + 6?
-1
Calculate 0 + (-6 - (1 + -6)).
-1
Calculate 2 + (14 - 6 - (19 + -12)).
3
What is (4 - 0) + (-46 - -44)?
2
What is the value of 2 + 7 + -13 + 3 + -8?
-9
-4 + (-1 - -1) + 7
3
Calculate -1 - (-3 - -9 - 5).
-2
What is -7 + (-16 - -11 - -10)?
-2
Calculate (3 - 3) + 4 + -3 + -3.
-2
What is the value of 11 + -16 + (0 - 0) - -6?
1
What is the value of 4 + (-6 - -1) + 7?
6
What is the value of -4 + (-10 - -6) - (2 + -3)?
-7
What is the value of 12 - (5 + -5 - (1 + -4))?
9
(-3 - -2) + -2 - 2
-5
Calculate -7 + 6 + (-2 - (-1 + -4)).
2
What is 16 - (-10 + (0 - -18))?
8
What is (-8 - (-2 + -19)) + -2?
11
What is the value of -257 + 264 - (4 - 2 - -4)?
1
What is the value of 2 - -1 - 2 - (1 + -1)?
1
Evaluate 1 + (1 - 1) + -154 + 160.
7
-2 + (0 + -4 - 0) + 3
-3
What is the value of (1 - (7 - 0)) + (10 - 5)?
-1
-6 + (4 - -4 - 4) + -2
-4
Calculate -8 + 0 + 30 + -27.
-5
-7 - (6 + -7 - 6)
0
Calculate 1 + (0 - 4) + 7.
4
5 + -6 + 0 + 4
3
What is 5 + (6 - 5) + 0 + -2?
4
-5 + (10 + 5 - 8)
2
What is the value of -7 + (-1 - 0) + (-14 - -15)?
-7
Evaluate -2 + (4 + -2 - -2).
2
1 - (-13 + 2 + 5)
7
What is the value of (-1 - (-3 + 4 + 3)) + 4?
-1
Evaluate -7 - (-7 + -1) - (0 - -1).
0
Calculate 9 - (-4 + 3 - -6).
4
Calculate -1 - (0 - (-4 + 2)).
-3
Evaluate -6 + 11 + 6 + -7.
4
What is the value of (-6 - -4) + 5 + -1 - 1?
1
What is -4 + 3 + (5 - 5) - -2?
1
Calculate 3 + (4 + -1 - 2) - 4.
0
Evaluate -3 + 2 + 1 + 16 + -22.
-6
Evaluate -5 - (-5 + (1 - 0)).
-1
What is the value of (-1 - 8) + (3 - 2 - -1)?
-7
Evaluate -6 + (8 - (4 + -5)).
3
Evaluate (-191 - -180) + 8 + -1.
-4
Evaluate 4 + (0 - (1 - -1) - -1).
3
-3 - 4 - (-10 - (7 - 13))
-3
Evaluate 11 - (-5 - -4 - -8).
4
3 + -10 + -1 + (8 - 3)
-3
What is -1 + 2 - (10 - 8)?
-1
Evaluate -8 + (-4 - -4) + 3 - -3.
-2
Calculate (-3 + 5 - 6) + (7 - -2).
5
-16 + 2 - -2 - (-14 + 7)
-5
What is -6 - -12 - (12 + -5)?
-1
What is -2 + (-14 + 4 - -3)?
-9
Evaluate 5 + -1 + -4 + 1.
1
Evaluate -8 - (1 - (-5 + 8 + 1)).
-5
What is the value of 3 + (-6 + 5 - -4)?
6
Evaluate -3 + 1 + 1 + 0 - -2.
1
What is 4 + (0 - 1 - 1)?
2
Evaluate 0 + 0 - (-3 + -3 + 2).
4
Evaluate 1 - (-1 + 6 - 9).
5
Evaluate (-2 - (-10 - -7)) + (-1 - -4).
4
Evaluate 4 - (7 - (-8 + 8)).
-3
Calculate 2 + -1 - (-13 - -14).
0
Evaluate -5 + (2 - 4) + (9 - 8).
-6
What is the value of -15 + 0 + 5 - -5?
-5
-2 - (1 - (4 - 4))
-3
Calculate (-1 - 3) + (9 - 2).
3
-1 + (15 - 22) - -11
3
Calculate (-7 - 0) + (2 - (-8 + 10)).
-7
-8 + 4 + 3 + 4
3
What is (-220 - -225) + 0 + (-2 - -4)?
7
-48 + 41 - (-10 - (1 - 1))
3
2 - (10 - (-2 + 16))
6
What is 3 - -1 - (22 + 19 + -34)?
-3
(1 - 3) + 5 - 10
-7
1 + -9 + 9 - 0
1
What is 1 - ((8 - 4) + -1) - 3?
-5
What is (-4 - (-10 + 4)) + -2?
0
What is 0 + -1 - ((6 - 2) + -10)?
5
Calculate 3 + -7 + 14 + -6.
4
-1 + 14 - (-31 + 41)
3
Evaluate 2 - (8 + -3 + -2) - 0.
-1
(-3 - -4) + -9 + 16
8
What is the value of 2 - (0 - (1 + 5 + -2))?
6
What is 12 - 1 - (64 + -58)?
5
What is the value of -3 + (-1 - 5) + 4?
-5
Evaluate -8 - ((7 - 12) + 0 - 10